site?
False
Is 17857937 prime?
True
Is 1672409071 a composite number?
False
Is 40223997881 prime?
False
Is 2278057433 a prime number?
True
Is 2236380241 a composite number?
False
Is 22262091491 prime?
True
Is 4768187609 prime?
True
Is 766907717 a prime number?
True
Is 12559214413 prime?
True
Is 588743591 composite?
False
Is 3694584107 a composite number?
False
Is 606968755 prime?
False
Is 1681624489 prime?
True
Is 999054737 a composite number?
False
Is 4860550511 a prime number?
False
Is 2772370547 prime?
True
Is 2516242139 a prime number?
True
Is 78864575411 a prime number?
False
Is 3513095977 composite?
False
Is 23967524177 a prime number?
False
Is 8827482487 a prime number?
True
Is 21860992481 a composite number?
True
Is 2821066223 prime?
True
Is 51775981471 prime?
True
Is 688768835 prime?
False
Is 12175129943 composite?
True
Is 8481991367 composite?
False
Is 12322559759 composite?
False
Is 386310913 prime?
False
Is 22219599877 a prime number?
True
Is 840518339 a composite number?
True
Is 224225083 composite?
False
Is 6021121427 a prime number?
False
Is 10817274031 a prime number?
True
Is 8194404403 a composite number?
False
Is 1437490357 composite?
True
Is 932674319 a prime number?
True
Is 1774828901 composite?
False
Is 27814864723 a composite number?
False
Is 812952821 a composite number?
False
Is 143034103 composite?
True
Is 970131499 composite?
True
Is 53124347 composite?
True
Is 36292956749 a prime number?
False
Is 1771447367 prime?
False
Is 132351184171 prime?
True
Is 1046438609 prime?
True
Is 1147634437 a composite number?
False
Is 6884860673 a prime number?
True
Is 834461293 prime?
False
Is 3953326063 a composite number?
False
Is 4544659409 prime?
False
Is 84068147 a composite number?
True
Is 4535352277 prime?
True
Is 865246769 prime?
True
Is 64486727257 prime?
False
Is 7127035039 a prime number?
False
Is 19349871913 a composite number?
False
Is 1517821553 composite?
True
Is 550335923 a prime number?
False
Is 15673272541 composite?
False
Is 12410299373 prime?
False
Is 41030394611 composite?
False
Is 14278717507 composite?
False
Is 10047262171 a prime number?
True
Is 5998603979 a composite number?
False
Is 24094531309 a composite number?
False
Is 50234263393 a composite number?
False
Is 2690811957 composite?
True
Is 12197434993 composite?
True
Is 2302344389 a composite number?
True
Is 17131290497 a prime number?
False
Is 16601107883 a composite number?
False
Is 78491573 composite?
False
Is 304243927 composite?
True
Is 1272561837 a prime number?
False
Is 8265026177 composite?
True
Is 3344016581 prime?
True
Is 440861153 a prime number?
False
Is 4675024507 prime?
True
Is 61770744623 prime?
False
Is 3599419097 a composite number?
False
Is 5959717 prime?
False
Is 10178963153 a composite number?
False
Is 962323651 a composite number?
False
Is 2907923959 a prime number?
True
Is 129405798133 prime?
True
Is 9209301019 a composite number?
False
Is 9911502287 composite?
True
Is 2034988037 prime?
False
Is 5209262627 composite?
True
Is 170432980681 a composite number?
False
Is 2960535013 prime?
True
Is 15389251981 composite?
True
Is 27457143401 a composite number?
False
Is 748371343 a composite number?
False
Is 19285440569 prime?
True
Is 2528054801 prime?
True
Is 41223714101 a composite number?
False
Is 17329868173 a prime number?
False
Is 1076188565 a composite number?
True
Is 54033795683 composite?
True
Is 973564913 a prime number?
False
Is 2050377437 prime?
False
Is 1445461531 prime?
True
Is 908586922 a composite number?
True
Is 39560564171 prime?
False
Is 12337670167 composite?
True
Is 9282894901 prime?
False
Is 2734799003 composite?
True
Is 15199931281 composite?
True
Is 67901515177 a composite number?
True
Is 115548753493 composite?
False
Is 4727566537 a prime number?
True
Is 25720372345 a composite number?
True
Is 3012041078 a prime number?
False
Is 921506647 a prime number?
True
Is 176727739223 prime?
False
Is 29864192647 a prime number?
False
Is 153025470761 prime?
True
Is 2035002373 composite?
False
Is 69560145001 a prime number?
True
Is 428807291 prime?
False
Is 274770500209 composite?
False
Is 14717965469 a composite number?
True
Is 6863677753 a prime number?
True
Is 1196720363 prime?
False
Is 5392567537 a prime number?
False
Is 1300685471 a composite number?
False
Is 688609543 a composite number?
True
Is 34188562253 a composite number?
False
Is 484674361 a prime number?
False
Is 554246827 composite?
True
Is 28455682817 a composite number?
False
Is 17004301661 a composite number?
False
Is 1688591599 prime?
False
Is 71693521187 prime?
False
Is 2668708415 a composite number?
True
Is 9371630966 composite?
True
Is 2885327609 composite?
False
Is 10290392201 composite?
False
Is 9875114261 a composite number?
True
Is 53146932457 composite?
True
Is 19648236371 a composite number?
True
Is 1578967243 a prime number?
False
Is 6646400071 composite?
True
Is 40157753 a composite number?
False
Is 1793844518 a composite number?
True
Is 13085802841 a composite number?
False
Is 177731353 a prime number?
False
Is 3817660829 a prime number?
True
Is 4754411763 a prime number?
False
Is 4610298467 composite?
False
Is 18420586487 composite?
True
Is 764509139 prime?
False
Is 30242202557 prime?
False
Is 8238106559 a prime number?
False
Is 56702201282 composite?
True
Is 3434205151 a prime number?
False
Is 497152433 a prime number?
True
Is 1401081683 prime?
True
Is 2045970187 prime?
True
Is 1159264591 composite?
True
Is 3825609233 prime?
False
Is 62402953 prime?
True
Is 599507387 prime?
True
Is 6216405743 a composite number?
True
Is 3003973331 composite?
True
Is 195946007 a prime number?
True
Is 582174097 a prime number?
True
Is 155327681 composite?
True
Is 18528834899 prime?
False
Is 1321592449 a composite number?
True
Is 5722069186 a composite number?
True
Is 33422348383 a composite number?
True
Is 1097853121 a composite number?
True
Is 1275447709 a prime number?
False
Is 16771139558 prime?
False
Is 32168656057 prime?
False
Is 1270527677 prime?
True
Is 69273647 a prime number?
True
Is 267101434 prime?
False
Is 5865414647 a prime number?
False
Is 65450012149 a composite number?
False
Is 825875629 a prime number?
True
Is 599729443 a prime number?
True
Is 732236279 a prime number?
True
Is 75621022559 a composite number?
True
Is 347370203 composite?
True
Is 122168689 a prime number?
False
Is 27610811 prime?
True
Is 2255693597 composite?
True
Is 696711487 a prime number?
True
Is 15265917239 a prime number?
True
Is 2331359417 composite?
False
Is 12011590169 composite?
True
Is 2164211317 a composite number?
False
Is 279340601549 a prime number?
True
Is 40637339557 a composite number?
False
Is 3654582223 a prime number?
True
Is 130899319 composite?
False
Is 3762940267 composite?
False
Is 62156983219 a prime number?
True
Is 843852349 a composite number?
False
Is 3309975247 prime?
True
Is 359548307 composite?
False
Is 1000778249 composite?
False
Is 39622667629 a composite number?
False
Is 5683928611 a prime number?
False
Is 25722525329 a prime number?
True
Is 1681822453 composite?
False
Is 4215185251 prime?
True
Is 146665627027 composite?
True
Is 1939117253 composite?
False
Is 131133260707 a prime number?
True
Is 2048207047 prime?
True
Is 27992669017 composite?
False
Is 54772999 prime?
True
Is 2911242259 prime?
False
Is 29292908639 prime?
False
Is 4305700031 a prime number?
True
Is 41062522331 composite?
True
Is 7767940751 a composite number?
True
Is 88770245339 composite?
True
Is 664348301 prime?
True
Is 13136505017 a composite number?
True
Is 1188557509 a prime number?
True
Is 194188635233 prime?
False
Is 108733614793 a composite number?
True
Is 31980380533 prime?
False
Is 182360867 a composite number?
True
Is 1526291215993 a composite number?
False
Is 1887452257 composite?
False
Is 38385895 a prime number?
False
Is 613107403 prime?
True
Is 26473019077 a prime number?
True
Is 8530762651 prime?
True
Is 16744780981 a composite number?
False
Is 5936867461 a prime number?
False
Is 2835283433 prime?
False
Is 21821059453 prime?
True
Is 27026516815 a prime number?
False
Is 1056561217 prime?
True
Is 15011663899 prime?
True
Is 27074645371 a composite number?
False
Is 42989957014 a prime number?
False
Is 15142292701 prime?
False
Is 134872663151 composite?
False
Is 68279324